e (0 - (-1974)/33) + 2/11. Let k be (504/20)/(12/q). What is the greatest common divisor of x and k?
18
Let s = -25 - -28. Suppose -5*i + 16 = 4*h - 3, 5*i - 23 = -s*h. Calculate the highest common factor of i and 217.
7
Let n = 14065 + -13925. What is the greatest common divisor of n and 2030?
70
Suppose -12*i + 6019 = 5251. Calculate the highest common divisor of i and 656.
16
Let x be (-3)/(45/(-6)) - (-91314)/90. What is the highest common divisor of x and 116?
29
Suppose 906*d - 1320 = 851*d. Let y be (-16)/(-3)*6/2. Suppose 56 = 5*b + y. What is the greatest common divisor of b and d?
8
Let f = -11670 + 19673. Calculate the highest common factor of f and 453.
151
Suppose 0 = 5*j - 39 + 24. Let h = -41 - -49. What is the highest common factor of j and h?
1
Let r(d) = 35*d + 2. Let v be r(2). Let n(t) = -18*t**3 + 461*t + 461. Let w be n(-1). What is the greatest common factor of w and v?
18
Let y = -9757 + 10329. What is the greatest common factor of y and 1066?
26
Let s be (-2 - -8) + -8 - 548. Let v = s + 582. What is the highest common factor of v and 12?
4
Let o be 219/(-2628) + (-3434)/(-24). Let m be 0 - (-28 + 4 + -2). What is the greatest common factor of m and o?
13
Suppose 3*h = -7*h - 50. Let p = -25 + h. Let y be (-1316)/p - 22/(-165). Calculate the highest common factor of 110 and y.
22
Let i be 13/(69/(-92) - (21/(-4))/3). Calculate the highest common divisor of i and 4589.
13
Let y be (8 - (-8)/(-2)) + -1. Suppose -1 + 0 = -2*m - 3*f, -4*m - y*f = 7. Let x = 17 - m. What is the highest common divisor of x and 21?
21
Let b(s) = 2*s**2 - 165*s - 452. Let h be b(92). What is the highest common divisor of 576 and h?
144
Let l = -3636 - -3668. What is the highest common divisor of l and 120?
8
Suppose 4*d - 4114 - 1210 = -s, 5*s = -d + 26715. Let v be s/14*413/118. What is the greatest common divisor of v and 8?
8
Let a = -98 - -133. Suppose 2*t - 6 = 0, 2*i - 17 = -2*t - 1. Calculate the greatest common factor of i and a.
5
Let z(m) = -21 - 8*m - 4*m + 25. Let n be z(7). Let k be 3/2*n/(-12). Calculate the greatest common divisor of k and 90.
10
Let c(g) = g - 4. Let l be c(3). Let r be (-49)/l*(-1 - -2). Suppose -t - 4*s - 9 = 0, 25 = 3*t - 0*s - s. Calculate the greatest common factor of t and r.
7
Suppose 5*j = -h + 1501, -18*h + 15*h + 4470 = 4*j. What is the greatest common factor of h and 4?
2
Let m = -283 - -289. Suppose 1354 + 386 = m*s. Calculate the greatest common divisor of s and 58.
58
Suppose 0 = x + x + 4, 26 = 2*f - 2*x. Suppose 1615 + 807 = 22*a - 1450. What is the highest common divisor of f and a?
11
Let i(l) = 2*l**2 + 50*l + 366. Let g be i(-9). What is the greatest common divisor of 91 and g?
13
Let t(i) = 6 + 2*i - 14 + 5. Let w be t(4). Suppose -2 = k - 4*v, 0*k + 2*k - 5*v = w. Calculate the greatest common factor of k and 10.
10
Suppose -s = -5*s. Suppose 11*w - 13*w + 190 = s. Suppose -81*y - 76 = -83*y. Calculate the greatest common divisor of w and y.
19
Let p = -52 - -77. Let q = -432 - -235. Let y = -97 - q. What is the highest common factor of y and p?
25
Let g = -599 - -603. Suppose 5*v + g*k - 92 = 0, -5*v = -k - 153 + 51. What is the greatest common divisor of v and 620?
20
Let i be (18/15)/(6/20). Suppose -i*q - 4*o + 0*o = -144, 2*q = -4*o + 76. Let v = 1897 - 1727. Calculate the greatest common divisor of q and v.
34
Let w(f) = 297*f**2 + 2*f + 16449. Let n be w(0). What is the greatest common factor of 3 and n?
3
Let d be (0 - 226/(-12)) + 11/66. Suppose -16*v + d*v + t = 398, -5*v - t + 662 = 0. Calculate the greatest common factor of v and 99.
33
Let j = -81 + 135. Suppose 0 = -14*c - j + 558. What is the greatest common factor of c and 48?
12
Let d = 215 + -208. Suppose d*r - 29 - 62 = 0. Calculate the greatest common divisor of r and 104.
13
Let f(z) = -1. Let t(p) = -3*p**2 - 5*p + 8. Let r(i) = -f(i) - t(i). Let g be r(-11). Suppose g + 339 = 5*s. What is the highest common divisor of s and 32?
32
Suppose 182*r - 270 = 176*r. Let v(j) = -2*j**3 - 13*j**2 - 33*j + 5. Let w be v(-10). Calculate the highest common factor of r and w.
45
Let o = -423 - -887. Let z = o + -460. Calculate the highest common divisor of 62 and z.
2
Let t = -64 + 48. Let g be (t/(-6) + -2)*(-9)/(-1). Let d be (((-135)/(-6))/3)/(3/g). What is the highest common factor of 6 and d?
3
Let x(o) = -9*o + 7. Let h be x(-7). Let j = 2863 + -2835. What is the greatest common factor of h and j?
14
Suppose 14*x = x + 286. Suppose -11*f - 1353 = -x*f. What is the highest common divisor of 205 and f?
41
Let y = -12 + 18. Suppose 0 = -3*i + 3 + y. Let q(p) = p**3 - p**2 + 4*p - 6. Let t be q(i). What is the highest common factor of t and 36?
12
Suppose -41*t = -34*t. Suppose -d = -2*k - 286, 3*d + t*k + 4*k - 908 = 0. What is the greatest common factor of 74 and d?
74
Let f(v) = v**3 - 5*v**2 - v + 160. Let g be f(0). Let i = -144 + g. Suppose 71 = 4*t + 7. Calculate the greatest common factor of i and t.
16
Let s(h) = -10*h - 18. Let u be s(-1). Let t be ((-420)/(-25))/(u/(-40)). What is the greatest common divisor of t and 462?
42
Let a(m) = 5*m**3 - 59*m**2 - 8*m - 12. Let f be a(18). Calculate the highest common factor of 240 and f.
48
Let r(g) = g**3 - 16*g**2 - 12*g - 37. Let w be r(17). Let f(i) = 7*i**3 - 4*i**2 + 6*i - 4. Let t be f(2). What is the greatest common factor of t and w?
48
Suppose 2*n - 613 = -181*l + 180*l, 3*n - 4*l = 892. What is the highest common divisor of n and 2622?
38
Suppose 17*i + 8190 = 2*i. Let j be (1/2)/((-13)/i). What is the greatest common divisor of 3 and j?
3
Let z be 16850 - -4 - (38 - 29). Calculate the highest common factor of z and 30.
15
Suppose 0 = 4*l, 0 = -2*d - 0*l - 4*l + 298. Suppose 3*j - d = 211. What is the highest common divisor of j and 24?
24
Let y(f) = 3*f - 46. Let o be y(22). Let x = 23 - o. Suppose -12 = -3*p, p + 0*p = 5*j - 26. Calculate the greatest common divisor of x and j.
3
Let f(v) = 2*v**2 - 6*v + 3. Let z be f(5). Let c = 53 - 52. Suppose -4*g = -c - 3, 3*x = -2*g + 71. Calculate the highest common factor of z and x.
23
Suppose 144 = n + n. Let j(p) = -5*p - 99. Let m be j(-19). Let b be 49 + (-3 - m - 2). Calculate the highest common factor of n and b.
24
Suppose -3 = -9*l + 24. Let n be 1/(1/16) + 2. Suppose 0*x = 3*x - n. Calculate the highest common factor of x and l.
3
Suppose 14*g = -2*g + 8*g + 816. Calculate the greatest common divisor of 357 and g.
51
Suppose -17 = -g - 10. Suppose 3*o - g - 8 = 0. Suppose -p + 9 = 4*z, 5*p - 27 = -2*z - 0*p. What is the highest common factor of o and z?
1
Let v be (-4)/((20/(-26))/5). Let c(r) = -r**3 + 10*r**2 + 12*r + 1. Let n be c(8). Suppose 48 + n = 3*p. Calculate the greatest common factor of p and v.
13
Let p(k) = 2*k + 768. Let c be p(-103). What is the highest common divisor of c and 4?
2
Let o(f) = -6*f**3 + 6*f**2 - 18*f - 27. Let r be o(-3). Calculate the highest common factor of 3078 and r.
81
Suppose -3069*i + 3074*i + 2*l - 994 = 0, -5*l = -4*i + 749. What is the highest common divisor of i and 24892?
196
Suppose 70*t - 72860 - 60277 = -21277. What is the highest common divisor of 34 and t?
34
Let h(j) = 15*j - 20. Let b be h(13). Let x be 76*(b/20 - 2). Calculate the greatest common factor of 27 and x.
27
Let x(f) = 5*f**2 - 2*f - 25. Let n be x(5). Let c = -85 + n. Suppose 2*b = 7*b + 2*w - 46, 42 = c*b + 4*w. Calculate the greatest common factor of 70 and b.
10
Let b be ((-104)/(-156))/(2/72). Let y = -76 + 106. Let p be (-20)/(-150) - (-1796)/y. What is the greatest common factor of b and p?
12
Suppose -24*d + 11*d - d = -308. Calculate the highest common factor of d and 418.
22
Let h be 4/2*2100/25. Let w = 204 - h. What is the greatest common divisor of 24 and w?
12
Let n be (-105)/(-3 - -10)*9/(-15). What is the greatest common divisor of n and 234?
9
Suppose 6 - 11 = -z. Suppose r + 4*p + 11 = 0, 5*r - 7*p - 55 = -z*p. What is the highest common divisor of 1 and r?
1
Let r(m) = 23 - 20*m + 19*m - 8. Let c be r(15). Let p = 4 - c. Calculate the highest common divisor of 36 and p.
4
Suppose -34*f + 31*f - 17766 = -5*n, 4*n = 4*f + 14216. Calculate the greatest common factor of 37 and n.
37
Let p be 8/(3 + (-87)/30). Let d be -1 + (p/(-12))/((-8)/12). Calculate the greatest common divis